 w be d(3). Suppose -w*p = -26*p + 105. What is the highest common factor of 35 and p?
35
Let j be (752 - -38) + -5 + 1. Let b = j + -775. Let q be (-2 - -47) + -2 + 1. Calculate the highest common factor of b and q.
11
Let j be ((-369)/(-63) + -5)/((-5)/(-2310)). What is the highest common divisor of 2124 and j?
36
Suppose -479*x + 2888 = -403*x. Let s be 15/2*28 + -1. Calculate the greatest common factor of s and x.
19
Let l be (-1 - -3) + 1770/15. Let v = l + 15. What is the highest common factor of v and 81?
27
Let r(z) = 65*z**2 - 24*z + 59. Let f be r(-8). Calculate the greatest common factor of 11 and f.
11
Let p = -20039 + 29251. Calculate the highest common factor of p and 188.
188
Suppose -8*a + 1013 = 5093. Let u be 5 - 3/(9/a). Calculate the greatest common factor of u and 50.
25
Let l = -63 - -90. Suppose 0 = 3*i - l + 6. Let d be -64*(-41)/328 - -69. Calculate the highest common factor of d and i.
7
Let u(g) = -18*g**2 + 828*g - 34. Let s be u(39). Calculate the greatest common divisor of s and 112.
16
Suppose 15*c = 29 - 13 - 1. What is the greatest common divisor of c and 1721?
1
Suppose -4*m + 1107 + 2117 = 2*v, 10*v = m - 806. Suppose 0*p - 62 = -p. Calculate the highest common factor of m and p.
62
Suppose 0*f = -7*f - 21. Let x be f + ((2 - 0) + -1)*-155. Let p be (x/(-3) - 4) + (-4)/(-3). Calculate the greatest common factor of p and 10.
10
Suppose 10*s = 6*s, 2*s - 5*s = -2*f + 580. Let p = -237 + 353. What is the highest common factor of f and p?
58
Let w = 15 - 17. Let d be 3 - w*1071/6. What is the highest common factor of d and 144?
72
Suppose 1160 = 4*p + q, 0*q - 4*q = 0. Let o be (-968)/(-48) + (3/18)/(-1). Calculate the highest common factor of p and o.
10
Suppose 2*a - 54 = -3*k + a, 3*k - 5*a - 54 = 0. Let w be (-6)/k + (-151)/(-3). Calculate the highest common factor of w and 75.
25
Suppose 4*h + 6214 + 2792 = -2*x, 3*x + h = -13529. Let i be x/65 + (-3)/5. Let l be 1/(4/i)*72/(-42). Calculate the highest common factor of 90 and l.
30
Suppose 119*k + 324 = 118*k. Let i = k + 365. Calculate the greatest common divisor of i and 164.
41
Suppose 0 = -3*x + 15, 11*x - 15*x = -3*i + 136. Calculate the greatest common divisor of i and 1742.
26
Suppose 2342*q + 201 = 2343*q. What is the greatest common divisor of 268 and q?
67
Let a(d) = d**2 - 20*d - d**2 - 7 - d**2. Let n = 5 - 20. Let z be a(n). Calculate the highest common divisor of z and 102.
34
Let u be (4 + -3 - 7)*-3. Suppose -36 = 3*v - 42. Calculate the highest common factor of v and u.
2
Let u be (-23387)/(-130) + -4*3/(-120). Let t = 55 - 20. Suppose 5*i = -5*w + 70, -t = -2*i - w + 6*w. What is the highest common factor of i and u?
15
Let l = 427 - -353. Suppose 0 = 4*p - 11*p - 43*p + 1000. Calculate the greatest common divisor of l and p.
20
Suppose 501 = 2*x - 3*g, -4*x + 0*g + g = -987. Let r = -96 + x. Calculate the highest common factor of r and 15.
15
Suppose -16*w + 12*w = -1364. Let s = -135 - -140. Suppose -s*g - j = -156, -j - 3 + 4 = 0. What is the highest common factor of g and w?
31
Let k = -108 - -116. Suppose -k*h + 259 = -h. Calculate the highest common factor of h and 37.
37
Suppose 80 = -25*b + 130. Suppose -2*r + 8 = 0, -b*f + f + 2*r + 25 = 0. What is the greatest common factor of f and 352?
11
Let x(n) be the first derivative of -870*n - 1 + 866*n + 6 + n**4 + 2*n**2. Let k be x(2). Calculate the greatest common factor of 54 and k.
18
Let k = -174 - -175. Let x(m) = m**2 + 4*m - m - 2*m**2 + 36*m**3 - 2 + 0. Let z be x(k). What is the greatest common factor of z and 48?
12
Let y = 33 + -94. Let o = 33 + y. Let p = -20 - o. Calculate the highest common divisor of p and 6.
2
Let n be ((-22)/(-2))/((-12 + 11)/(-13)). Let j be 1250/12 + (2 - (-169)/(-78)). Calculate the greatest common factor of n and j.
13
Suppose w + 4 = 0, 5*g + 4*w - 36424 = -5915. What is the greatest common factor of g and 165?
165
Suppose -96*f + 169650 = -5*f - 4*f. What is the greatest common factor of 910 and f?
130
Let g = 296 - 139. Let q = g + -138. Calculate the highest common factor of q and 19.
19
Let d = -34 - -36. Suppose t = -2*c - t, -4*t - 10 = d*c. Suppose 7*w = 5*w - 4*s + 56, 0 = c*s - 15. What is the greatest common divisor of 242 and w?
22
Let f = 377 + -113. Let j = 19 - 16. Suppose -j*q + 0*x - 3*x = -114, -x = -2*q + 61. What is the greatest common factor of q and f?
33
Let q be (-32 - 1)*(-2 + 4 - 3). Suppose 35*x = q*x + 276. Calculate the highest common divisor of x and 92.
46
Let j = -1639 - -1963. What is the greatest common divisor of j and 567?
81
Suppose -19*c + 212 = -472. Calculate the highest common factor of c and 336.
12
Suppose 36*w + 463 = 37*w. Suppose i = 10*z - 15*z + w, -3*z + 3*i = -285. What is the highest common factor of 3 and z?
3
Let h(a) = a**3 - a**2 - 31*a + 1. Let b be h(-5). Let s(z) = 2*z + 64. Let t be s(b). Calculate the greatest common divisor of t and 114.
38
Let m = 16 - 13. Let p = 1338 + -1299. Calculate the highest common divisor of m and p.
3
Let r be (-2 + 3/(-6))/((-32)/64). Let l be 8/r*82 + (-4)/(-5). Calculate the highest common factor of 55 and l.
11
Let s be -18 + (7003 - -19 - 15). What is the greatest common factor of 1687 and s?
241
Let v = -162 - -246. Let d(j) = -2*j**2 + 12*j - 3. Let t be d(6). Let b(w) = 19*w + 69. Let k be b(t). Calculate the highest common factor of k and v.
12
Suppose 2435 = 28*j - 1373. Let m = -109 + 211. Calculate the greatest common factor of j and m.
34
Let x = -3 + 11. Let a(u) = u**2 + 2*u + 8. Let n be 0 - (-3 + (4 - 9)). Let v be a(n). What is the highest common factor of v and x?
8
Let y = 6656 - 5873. What is the highest common divisor of 29 and y?
29
Suppose -2*f + 346 = 3*j, 3*j + 4*f + 428 = 7*j. Calculate the highest common factor of 4528 and j.
16
Let h = 2901 - 2417. What is the highest common factor of h and 12?
4
Suppose 5*f = 3*f + 10. Suppose 4*z + a = 14 + 172, 0 = f*z - 3*a - 241. Let i = -45 + z. What is the greatest common factor of i and 6?
2
Let i be (2/(-2)*-10)/(14/112). Let o(m) = m**2 + 16*m - 68. Let h be o(6). Calculate the greatest common divisor of i and h.
16
Suppose 0 = -v + 5*o + 128, -468 = -3*v - 3*o + 42. Calculate the highest common divisor of v and 37979.
163
Let c be 72/(-20) - -3 - 582/30. Let v(h) = h**2 + 4*h + 32. Let z be v(c). Calculate the greatest common divisor of 32 and z.
32
Suppose 3*t - 27218 = -4*v, 301*v - 305*v - 9110 = -t. Calculate the greatest common divisor of 1195 and t.
239
Let v be (-200)/(-70)*-14*(-3)/12. Let g be -11 + v + 2 + 0 + 119. Let a = -22 + 42. Calculate the greatest common divisor of g and a.
20
Let n be (49 + -27)*1*502. Calculate the highest common divisor of n and 11.
11
Suppose -75*w = 40*w + 1380. Let g(b) = 19 - 11*b - 4 - b**2 - 3*b. Let l be g(w). What is the highest common factor of l and 39?
39
Let a(g) = 3*g**2 + 17*g + 59. Let l be a(-19). Suppose 10*y - 1701 - l = 0. Suppose -y = 8*s - 17*s. What is the highest common factor of s and 4?
4
Suppose 4*l - 369 - 467 = 2*f, 5*l - 20 = 0. Let k be (3 - (f + -7)) + 3. Calculate the greatest common divisor of k and 47.
47
Suppose -5*b + 8 + 52 = 0. Suppose 281*z + 10 = 286*z. Let h be (-7 + 1)/(z/(-36)). Calculate the greatest common factor of b and h.
12
Suppose -12 + 8 = 4*g. Let q be 206 - (g + 2)*0. Suppose 2*w + 5*v - 105 = 2*v, 2*v - q = -4*w. What is the highest common divisor of 102 and w?
51
Suppose -3*b + 12 = -78. Suppose -19*o - 7210 = -5*o. Let z = -305 - o. What is the highest common divisor of z and b?
30
Let v = -109 + 463. Let l = 370 - v. What is the greatest common factor of l and 24?
8
Let m be (-4 - -2)/((1/186)/((-117)/156)). Calculate the greatest common factor of m and 372.
93
Let t = -54 + 102. Let s = 71495 - 71439. Calculate the greatest common divisor of t and s.
8
Suppose 0 = -47*m + 16056 + 12050. Calculate the greatest common divisor of 230 and m.
46
Suppose -16*d - 21 = -b - 12*d, b + 2*d = 3. What is the greatest common divisor of 2304 and b?
9
Suppose 0*f - 7*f = 17*f - 624. What is the greatest common divisor of 25 and f?
1
Let j = -265 + 271. Let r(b) = -b + 7. Let k be r(5). Suppose -4 = 2*p + 3*c - 20, k*c = -p + j. What is the greatest common factor of 42 and p?
14
Let o be 1 - -3 - (9/3 - 0)